{"id":989,"date":"2024-08-01T10:49:27","date_gmt":"2024-08-01T13:49:27","guid":{"rendered":"https:\/\/glauciamodaintimasje.com.br\/site\/?post_type=product&#038;p=989"},"modified":"2025-03-31T11:11:26","modified_gmt":"2025-03-31T14:11:26","slug":"sutia-taca-zee-rucci","status":"publish","type":"product","link":"https:\/\/glauciamodaintimasje.com.br\/site\/?product=sutia-taca-zee-rucci","title":{"rendered":"SUTI\u00c3 TA\u00c7A ZEE RUCCI"},"content":{"rendered":"<p>82% POLIAMIDA<\/p>\n<p>18% ELASTANO<\/p>\n<p>CONFORT\u00c1VEL<\/p>\n<p>\u00d3TIMA DURABILIDADE<\/p>\n<p>Tam. 44 TA\u00c7A C<\/p>\n<p>BEGE<\/p>\n<p>&nbsp;<\/p>\n","protected":false},"excerpt":{"rendered":"<p>82% POLIAMIDA 18% ELASTANO CONFORT\u00c1VEL \u00d3TIMA DURABILIDADE Tam. 44 TA\u00c7A C BEGE &nbsp;<\/p>\n","protected":false},"featured_media":990,"template":"","meta":[],"product_cat":[238],"product_tag":[54,81,53,43,67,82,80],"class_list":{"0":"post-989","1":"product","2":"type-product","3":"status-publish","4":"has-post-thumbnail","6":"product_cat-sutia-basico-c-bojo","7":"product_tag-alca-regulavel","8":"product_tag-bege","9":"product_tag-com-bojo","10":"product_tag-confortavel","11":"product_tag-nude","12":"product_tag-sem-costura","13":"product_tag-zee-rucci","15":"first","16":"outofstock","17":"sale","18":"shipping-taxable","19":"purchasable","20":"product-type-simple"},"_links":{"self":[{"href":"https:\/\/glauciamodaintimasje.com.br\/site\/index.php?rest_route=\/wp\/v2\/product\/989"}],"collection":[{"href":"https:\/\/glauciamodaintimasje.com.br\/site\/index.php?rest_route=\/wp\/v2\/product"}],"about":[{"href":"https:\/\/glauciamodaintimasje.com.br\/site\/index.php?rest_route=\/wp\/v2\/types\/product"}],"wp:featuredmedia":[{"embeddable":true,"href":"https:\/\/glauciamodaintimasje.com.br\/site\/index.php?rest_route=\/wp\/v2\/media\/990"}],"wp:attachment":[{"href":"https:\/\/glauciamodaintimasje.com.br\/site\/index.php?rest_route=%2Fwp%2Fv2%2Fmedia&parent=989"}],"wp:term":[{"taxonomy":"product_cat","embeddable":true,"href":"https:\/\/glauciamodaintimasje.com.br\/site\/index.php?rest_route=%2Fwp%2Fv2%2Fproduct_cat&post=989"},{"taxonomy":"product_tag","embeddable":true,"href":"https:\/\/glauciamodaintimasje.com.br\/site\/index.php?rest_route=%2Fwp%2Fv2%2Fproduct_tag&post=989"}],"curies":[{"name":"wp","href":"https:\/\/api.w.org\/{rel}","templated":true}]}}