{"id":905,"date":"2024-07-30T15:00:06","date_gmt":"2024-07-30T18:00:06","guid":{"rendered":"https:\/\/glauciamodaintimasje.com.br\/site\/?post_type=product&#038;p=905"},"modified":"2025-05-23T16:26:12","modified_gmt":"2025-05-23T19:26:12","slug":"soutien-duloren-rouge-samba-ref-131309","status":"publish","type":"product","link":"https:\/\/glauciamodaintimasje.com.br\/site\/?product=soutien-duloren-rouge-samba-ref-131309","title":{"rendered":"SOUTIEN DULOREN ROUGE SAMBA REF. 131309"},"content":{"rendered":"<p>Soutien de bojo estruturado com aro, em Layse de lycra bordada com sutil transpar\u00eancia<\/p>\n<p>Ta\u00e7a profunda<\/p>\n<p>Al\u00e7as fixas e regul\u00e1veis<\/p>\n<p>Tam. 42<\/p>\n<p>Cor: ROUGE SAMBA<\/p>\n","protected":false},"excerpt":{"rendered":"<p>Soutien de bojo estruturado com aro, em Layse de lycra bordada com sutil transpar\u00eancia Ta\u00e7a profunda Al\u00e7as fixas e regul\u00e1veis Tam. 42 Cor: ROUGE SAMBA<\/p>\n","protected":false},"featured_media":906,"template":"","meta":[],"product_cat":[228,238],"product_tag":[54,52,53,43,55,42,50,51],"class_list":{"0":"post-905","1":"product","2":"type-product","3":"status-publish","4":"has-post-thumbnail","6":"product_cat-apenas-retirada-na-loja","7":"product_cat-sutia-basico-c-bojo","8":"product_tag-alca-regulavel","9":"product_tag-com-aro","10":"product_tag-com-bojo","11":"product_tag-confortavel","12":"product_tag-lycra","13":"product_tag-rendado","14":"product_tag-soutien","15":"product_tag-sutia","17":"first","18":"instock","19":"sale","20":"shipping-taxable","21":"purchasable","22":"product-type-simple"},"_links":{"self":[{"href":"https:\/\/glauciamodaintimasje.com.br\/site\/index.php?rest_route=\/wp\/v2\/product\/905"}],"collection":[{"href":"https:\/\/glauciamodaintimasje.com.br\/site\/index.php?rest_route=\/wp\/v2\/product"}],"about":[{"href":"https:\/\/glauciamodaintimasje.com.br\/site\/index.php?rest_route=\/wp\/v2\/types\/product"}],"wp:featuredmedia":[{"embeddable":true,"href":"https:\/\/glauciamodaintimasje.com.br\/site\/index.php?rest_route=\/wp\/v2\/media\/906"}],"wp:attachment":[{"href":"https:\/\/glauciamodaintimasje.com.br\/site\/index.php?rest_route=%2Fwp%2Fv2%2Fmedia&parent=905"}],"wp:term":[{"taxonomy":"product_cat","embeddable":true,"href":"https:\/\/glauciamodaintimasje.com.br\/site\/index.php?rest_route=%2Fwp%2Fv2%2Fproduct_cat&post=905"},{"taxonomy":"product_tag","embeddable":true,"href":"https:\/\/glauciamodaintimasje.com.br\/site\/index.php?rest_route=%2Fwp%2Fv2%2Fproduct_tag&post=905"}],"curies":[{"name":"wp","href":"https:\/\/api.w.org\/{rel}","templated":true}]}}