{"id":2119,"date":"2025-02-05T17:26:18","date_gmt":"2025-02-05T20:26:18","guid":{"rendered":"https:\/\/glauciamodaintimasje.com.br\/site\/?post_type=product&#038;p=2119"},"modified":"2025-05-24T10:37:53","modified_gmt":"2025-05-24T13:37:53","slug":"meia-calca-para-gestante-s-ponteira-kendall-tam-p","status":"publish","type":"product","link":"https:\/\/glauciamodaintimasje.com.br\/site\/?product=meia-calca-para-gestante-s-ponteira-kendall-tam-p","title":{"rendered":"MEIA CAL\u00c7A GESTANTE SUAVE COMPRESS\u00c3O S\/ PONTEIRA KENDALL TAM: P"},"content":{"rendered":"<p>CONFORTO E QUALIDADE<\/p>\n<p>15 mmHg DE COMPRESS\u00c3O<\/p>\n<p>EL\u00c1STICO APARENTE E FUNDELO DE ALGOD\u00c3O<\/p>\n<p>NOVA MODELAGEM COM MICROFIBRA<\/p>\n<p>SEM PONTEIRA<\/p>\n<p>TAM: P<\/p>\n<p>COR: MEL<\/p>\n","protected":false},"excerpt":{"rendered":"<p>CONFORTO E QUALIDADE 15 mmHg DE COMPRESS\u00c3O EL\u00c1STICO APARENTE E FUNDELO DE ALGOD\u00c3O NOVA MODELAGEM COM MICROFIBRA SEM PONTEIRA TAM: P COR: MEL<\/p>\n","protected":false},"featured_media":2120,"template":"","meta":[],"product_cat":[308],"product_tag":[],"class_list":{"0":"post-2119","1":"product","2":"type-product","3":"status-publish","4":"has-post-thumbnail","6":"product_cat-meias-kendall","8":"first","9":"instock","10":"shipping-taxable","11":"purchasable","12":"product-type-simple"},"_links":{"self":[{"href":"https:\/\/glauciamodaintimasje.com.br\/site\/index.php?rest_route=\/wp\/v2\/product\/2119"}],"collection":[{"href":"https:\/\/glauciamodaintimasje.com.br\/site\/index.php?rest_route=\/wp\/v2\/product"}],"about":[{"href":"https:\/\/glauciamodaintimasje.com.br\/site\/index.php?rest_route=\/wp\/v2\/types\/product"}],"wp:featuredmedia":[{"embeddable":true,"href":"https:\/\/glauciamodaintimasje.com.br\/site\/index.php?rest_route=\/wp\/v2\/media\/2120"}],"wp:attachment":[{"href":"https:\/\/glauciamodaintimasje.com.br\/site\/index.php?rest_route=%2Fwp%2Fv2%2Fmedia&parent=2119"}],"wp:term":[{"taxonomy":"product_cat","embeddable":true,"href":"https:\/\/glauciamodaintimasje.com.br\/site\/index.php?rest_route=%2Fwp%2Fv2%2Fproduct_cat&post=2119"},{"taxonomy":"product_tag","embeddable":true,"href":"https:\/\/glauciamodaintimasje.com.br\/site\/index.php?rest_route=%2Fwp%2Fv2%2Fproduct_tag&post=2119"}],"curies":[{"name":"wp","href":"https:\/\/api.w.org\/{rel}","templated":true}]}}