{"id":1289,"date":"2024-08-13T14:37:58","date_gmt":"2024-08-13T17:37:58","guid":{"rendered":"https:\/\/glauciamodaintimasje.com.br\/site\/?post_type=product&#038;p=1289"},"modified":"2024-08-13T14:37:59","modified_gmt":"2024-08-13T17:37:59","slug":"short-dool-liganete-maria-rosa-ref-2002-2","status":"publish","type":"product","link":"https:\/\/glauciamodaintimasje.com.br\/site\/?product=short-dool-liganete-maria-rosa-ref-2002-2","title":{"rendered":"SHORT DOOL LIGANETE MARIA ROSA REF.2002"},"content":{"rendered":"<p>CONFORT\u00c1VEL<\/p>\n<p>\u00d3TIMA DURABILIDADE<\/p>\n<p>100% POLIAMIDA<\/p>\n<p>MALHA FRIA<\/p>\n<p>AL\u00c7A REGUL\u00c1VEL<\/p>\n<p>Tam. P<\/p>\n","protected":false},"excerpt":{"rendered":"<p>CONFORT\u00c1VEL \u00d3TIMA DURABILIDADE 100% POLIAMIDA MALHA FRIA AL\u00c7A REGUL\u00c1VEL Tam. P<\/p>\n","protected":false},"featured_media":1287,"template":"","meta":[],"product_cat":[36],"product_tag":[38,40,44,39,45,201,200],"class_list":{"0":"post-1289","1":"product","2":"type-product","3":"status-publish","4":"has-post-thumbnail","6":"product_cat-baby-dool","7":"product_tag-baby-dool","8":"product_tag-liganete","9":"product_tag-malha-fria","10":"product_tag-maria-rosa","11":"product_tag-short-dool","12":"product_tag-verde-lima","13":"product_tag-verde-limao","15":"first","16":"instock","17":"sale","18":"shipping-taxable","19":"purchasable","20":"product-type-simple"},"_links":{"self":[{"href":"https:\/\/glauciamodaintimasje.com.br\/site\/index.php?rest_route=\/wp\/v2\/product\/1289"}],"collection":[{"href":"https:\/\/glauciamodaintimasje.com.br\/site\/index.php?rest_route=\/wp\/v2\/product"}],"about":[{"href":"https:\/\/glauciamodaintimasje.com.br\/site\/index.php?rest_route=\/wp\/v2\/types\/product"}],"wp:featuredmedia":[{"embeddable":true,"href":"https:\/\/glauciamodaintimasje.com.br\/site\/index.php?rest_route=\/wp\/v2\/media\/1287"}],"wp:attachment":[{"href":"https:\/\/glauciamodaintimasje.com.br\/site\/index.php?rest_route=%2Fwp%2Fv2%2Fmedia&parent=1289"}],"wp:term":[{"taxonomy":"product_cat","embeddable":true,"href":"https:\/\/glauciamodaintimasje.com.br\/site\/index.php?rest_route=%2Fwp%2Fv2%2Fproduct_cat&post=1289"},{"taxonomy":"product_tag","embeddable":true,"href":"https:\/\/glauciamodaintimasje.com.br\/site\/index.php?rest_route=%2Fwp%2Fv2%2Fproduct_tag&post=1289"}],"curies":[{"name":"wp","href":"https:\/\/api.w.org\/{rel}","templated":true}]}}