{"id":1195,"date":"2024-08-08T16:20:44","date_gmt":"2024-08-08T19:20:44","guid":{"rendered":"https:\/\/glauciamodaintimasje.com.br\/site\/?post_type=product&#038;p=1195"},"modified":"2024-08-08T16:20:45","modified_gmt":"2024-08-08T19:20:45","slug":"body-basico-sem-costura-loba","status":"publish","type":"product","link":"https:\/\/glauciamodaintimasje.com.br\/site\/?product=body-basico-sem-costura-loba","title":{"rendered":"BODY B\u00c1SICO SEM COSTURA LOBA"},"content":{"rendered":"<p>CONFORT\u00c1VEL<\/p>\n<p>\u00d3TIMA DURABILIDADE<\/p>\n<p>93% POLIAMIDA<\/p>\n<p>5% ELASTANO<\/p>\n<p>2% ALGOD\u00c3O<\/p>\n<p>AL\u00c7A REGUL\u00c1VEL<\/p>\n<p>Tam. M<\/p>\n<p>PRETO<\/p>\n","protected":false},"excerpt":{"rendered":"<p>CONFORT\u00c1VEL \u00d3TIMA DURABILIDADE 93% POLIAMIDA 5% ELASTANO 2% ALGOD\u00c3O AL\u00c7A REGUL\u00c1VEL Tam. M PRETO<\/p>\n","protected":false},"featured_media":1196,"template":"","meta":[],"product_cat":[158],"product_tag":[54,160,159,43,57,59,82],"class_list":{"0":"post-1195","1":"product","2":"type-product","3":"status-publish","4":"has-post-thumbnail","6":"product_cat-body","7":"product_tag-alca-regulavel","8":"product_tag-basico","9":"product_tag-body","10":"product_tag-confortavel","11":"product_tag-loba","12":"product_tag-preto","13":"product_tag-sem-costura","15":"first","16":"instock","17":"sale","18":"shipping-taxable","19":"purchasable","20":"product-type-simple"},"_links":{"self":[{"href":"https:\/\/glauciamodaintimasje.com.br\/site\/index.php?rest_route=\/wp\/v2\/product\/1195"}],"collection":[{"href":"https:\/\/glauciamodaintimasje.com.br\/site\/index.php?rest_route=\/wp\/v2\/product"}],"about":[{"href":"https:\/\/glauciamodaintimasje.com.br\/site\/index.php?rest_route=\/wp\/v2\/types\/product"}],"wp:featuredmedia":[{"embeddable":true,"href":"https:\/\/glauciamodaintimasje.com.br\/site\/index.php?rest_route=\/wp\/v2\/media\/1196"}],"wp:attachment":[{"href":"https:\/\/glauciamodaintimasje.com.br\/site\/index.php?rest_route=%2Fwp%2Fv2%2Fmedia&parent=1195"}],"wp:term":[{"taxonomy":"product_cat","embeddable":true,"href":"https:\/\/glauciamodaintimasje.com.br\/site\/index.php?rest_route=%2Fwp%2Fv2%2Fproduct_cat&post=1195"},{"taxonomy":"product_tag","embeddable":true,"href":"https:\/\/glauciamodaintimasje.com.br\/site\/index.php?rest_route=%2Fwp%2Fv2%2Fproduct_tag&post=1195"}],"curies":[{"name":"wp","href":"https:\/\/api.w.org\/{rel}","templated":true}]}}