{"id":1150,"date":"2024-08-06T15:56:49","date_gmt":"2024-08-06T18:56:49","guid":{"rendered":"https:\/\/glauciamodaintimasje.com.br\/site\/?post_type=product&#038;p=1150"},"modified":"2025-05-10T08:59:48","modified_gmt":"2025-05-10T11:59:48","slug":"kit-2-cuecas-kids-duomo","status":"publish","type":"product","link":"https:\/\/glauciamodaintimasje.com.br\/site\/?product=kit-2-cuecas-kids-duomo","title":{"rendered":"KIT 2 CUECAS KIDS D&#8217;UOMO"},"content":{"rendered":"<p>CONFORT\u00c1VEL<\/p>\n<p>\u00d3TIMA DURABILIDADE<\/p>\n<p>100% ALGOD\u00c3O<\/p>\n<p>Tam. M<\/p>\n<p>AZUL BEB\u00ca E AZUL MARINHO<\/p>\n<p>AZUL MARINHO E PRETO<\/p>\n","protected":false},"excerpt":{"rendered":"<p>CONFORT\u00c1VEL \u00d3TIMA DURABILIDADE 100% ALGOD\u00c3O Tam. M AZUL BEB\u00ca E AZUL MARINHO AZUL MARINHO E PRETO<\/p>\n","protected":false},"featured_media":1151,"template":"","meta":[],"product_cat":[292],"product_tag":[130,104,143,142,144,43,137,146,140,145],"class_list":{"0":"post-1150","1":"product","2":"type-product","3":"status-publish","4":"has-post-thumbnail","6":"product_cat-kit-cuecas-slip","7":"product_tag-100-algodao","8":"product_tag-azul-bebe","9":"product_tag-azul-claro","10":"product_tag-azul-escuro","11":"product_tag-azul-marinho","12":"product_tag-confortavel","13":"product_tag-duomo","14":"product_tag-infantil","15":"product_tag-kit-cueca","16":"product_tag-slip","18":"first","19":"instock","20":"sale","21":"shipping-taxable","22":"purchasable","23":"product-type-simple"},"_links":{"self":[{"href":"https:\/\/glauciamodaintimasje.com.br\/site\/index.php?rest_route=\/wp\/v2\/product\/1150"}],"collection":[{"href":"https:\/\/glauciamodaintimasje.com.br\/site\/index.php?rest_route=\/wp\/v2\/product"}],"about":[{"href":"https:\/\/glauciamodaintimasje.com.br\/site\/index.php?rest_route=\/wp\/v2\/types\/product"}],"wp:featuredmedia":[{"embeddable":true,"href":"https:\/\/glauciamodaintimasje.com.br\/site\/index.php?rest_route=\/wp\/v2\/media\/1151"}],"wp:attachment":[{"href":"https:\/\/glauciamodaintimasje.com.br\/site\/index.php?rest_route=%2Fwp%2Fv2%2Fmedia&parent=1150"}],"wp:term":[{"taxonomy":"product_cat","embeddable":true,"href":"https:\/\/glauciamodaintimasje.com.br\/site\/index.php?rest_route=%2Fwp%2Fv2%2Fproduct_cat&post=1150"},{"taxonomy":"product_tag","embeddable":true,"href":"https:\/\/glauciamodaintimasje.com.br\/site\/index.php?rest_route=%2Fwp%2Fv2%2Fproduct_tag&post=1150"}],"curies":[{"name":"wp","href":"https:\/\/api.w.org\/{rel}","templated":true}]}}