{"id":1018,"date":"2024-08-01T14:34:26","date_gmt":"2024-08-01T17:34:26","guid":{"rendered":"https:\/\/glauciamodaintimasje.com.br\/site\/?post_type=product&#038;p=1018"},"modified":"2024-12-24T16:28:44","modified_gmt":"2024-12-24T19:28:44","slug":"calc-cinta-duloren","status":"publish","type":"product","link":"https:\/\/glauciamodaintimasje.com.br\/site\/?product=calc-cinta-duloren","title":{"rendered":"CALC. CINTA DULOREN"},"content":{"rendered":"<p>81% POLIAMIDA<\/p>\n<p>19% ELASTANO<\/p>\n<p>FORRO 100% ALGOD\u00c3O<\/p>\n<p>\u00d3TIMA COMPRESS\u00c3O<\/p>\n<p>\u00d3TIMA DURABILIDADE<\/p>\n<p>Tam. 42<\/p>\n<p>BEGE<\/p>\n","protected":false},"excerpt":{"rendered":"<p>81% POLIAMIDA 19% ELASTANO FORRO 100% ALGOD\u00c3O \u00d3TIMA COMPRESS\u00c3O \u00d3TIMA DURABILIDADE Tam. 42 BEGE<\/p>\n","protected":false},"featured_media":1019,"template":"","meta":[],"product_cat":[],"product_tag":[81,71,84,86,43,88,67],"class_list":{"0":"post-1018","1":"product","2":"type-product","3":"status-publish","4":"has-post-thumbnail","6":"product_tag-bege","7":"product_tag-calcinha","8":"product_tag-cinta","9":"product_tag-compressao","10":"product_tag-confortavel","11":"product_tag-duloren","12":"product_tag-nude","14":"first","15":"instock","16":"sale","17":"shipping-taxable","18":"purchasable","19":"product-type-simple"},"_links":{"self":[{"href":"https:\/\/glauciamodaintimasje.com.br\/site\/index.php?rest_route=\/wp\/v2\/product\/1018"}],"collection":[{"href":"https:\/\/glauciamodaintimasje.com.br\/site\/index.php?rest_route=\/wp\/v2\/product"}],"about":[{"href":"https:\/\/glauciamodaintimasje.com.br\/site\/index.php?rest_route=\/wp\/v2\/types\/product"}],"wp:featuredmedia":[{"embeddable":true,"href":"https:\/\/glauciamodaintimasje.com.br\/site\/index.php?rest_route=\/wp\/v2\/media\/1019"}],"wp:attachment":[{"href":"https:\/\/glauciamodaintimasje.com.br\/site\/index.php?rest_route=%2Fwp%2Fv2%2Fmedia&parent=1018"}],"wp:term":[{"taxonomy":"product_cat","embeddable":true,"href":"https:\/\/glauciamodaintimasje.com.br\/site\/index.php?rest_route=%2Fwp%2Fv2%2Fproduct_cat&post=1018"},{"taxonomy":"product_tag","embeddable":true,"href":"https:\/\/glauciamodaintimasje.com.br\/site\/index.php?rest_route=%2Fwp%2Fv2%2Fproduct_tag&post=1018"}],"curies":[{"name":"wp","href":"https:\/\/api.w.org\/{rel}","templated":true}]}}